- 11. Let f be 0*(-2 + x/4). Let a(m) = -m - 2. Determine a(f).
-2
Let s be 4 - 4/(-3 + -1). Let l(w) be the third derivative of -w**4/8 + w**3 - w**2. Determine l(s).
-9
Let a be (-3*2)/(6/(-3)). Suppose -a*r = -4*u + r, -2*r + 14 = 5*u. Let b(w) = w**u + 6*w - 5 + 1 - 2*w**2. Give b(5).
1
Let f(d) be the third derivative of -d**6/180 + d**5/120 - 5*d**4/24 + d**2. Let q(h) be the second derivative of f(h). Let r = 0 - -1. Give q(r).
-3
Let k(q) = -q**3 - 7*q**2 - q + 9. Let c(j) = j**3 + 10*j**2 - 10*j + 4. Let y be c(-11). Determine k(y).
16
Let j(a) = a**2 + 14. Let z be -3 - (-22 - (-1 + -2)). Let t = z + -16. Give j(t).
14
Let y(o) = o**3 - o**2 - 8*o + 2. Let m(n) = -2*n**3 + n**2 + 17*n - 4. Let j(l) = 3*m(l) + 7*y(l). Give j(5).
2
Suppose 5*q = 3*v + 4, 0*v = -q + 4*v - 6. Let f(l) = -2*l**3 + 4*l**2 - 2*l. What is f(q)?
-4
Let v(y) = -y**2 - 3*y + 7. Let c be v(-3). Suppose -3*a - c - 5 = 0. Let q(t) = -t**2 - 2*t + 3. What is q(a)?
-5
Let u(r) be the third derivative of r**6/20 - r**5/60 - r**4/24 + 6*r**2. What is u(-1)?
-6
Let l(a) be the third derivative of 0*a + 0 + a**3 + 5/24*a**4 + 1/60*a**5 - 6*a**2. Calculate l(-4).
2
Let j(q) = -2*q**2 + q - q**3 + 0*q - 3 + 3*q**2 + 1. Calculate j(0).
-2
Suppose 5*s - s + 4 = 0. Let c(n) = -1. Let y(b) = 7*b**3 + 2*b**2 + 1. Let i(m) = s*y(m) - 2*c(m). Calculate i(-1).
6
Let p(u) be the third derivative of 0*u - 1/12*u**4 + 0 + 1/3*u**3 + u**2. What is p(-3)?
8
Suppose 0 = x - 4*x + 9. Let p(k) = -4*k**3 - 2*k**2 + 2*k - 4. Let u(v) = v**3 + v**2 - v + 1. Let i(y) = x*u(y) + p(y). Give i(-1).
2
Let f = -50 - -50. Let n(m) = m**2 - 4. Calculate n(f).
-4
Suppose -7*o + 6 = -5*o. Let a(y) = -2*y + 2*y**2 + y**2 - 3*y**3 - y**2. Let n(z) = 4*z**3 - 2*z**2 + 2*z + 1. Let i(b) = o*a(b) + 2*n(b). What is i(2)?
-2
Let m(v) be the third derivative of 0 + 1/24*v**4 - 7/3*v**3 + 0*v - v**2. Let c be m(9). Let f(p) = p**3 + 5*p**2 - 2*p - 5. What is f(c)?
5
Let z(t) = -6*t - 10*t + 5*t**2 + 5 + 17*t. Let q(g) = -g**2 - 1. Suppose 2 = -2*w + 3*w, -14 = 4*k + w. Let o(y) = k*q(y) - z(y). Determine o(-2).
-3
Let p(m) = 2*m + 3. Let y(r) = -7*r - 9. Let j(h) = 8*p(h) + 3*y(h). Calculate j(-2).
7
Suppose q = -2*q + 33. Let b be (-1)/(q/5 - 2). Let i(x) = -x**3 - 4*x**2 + 6*x + 6. Determine i(b).
1
Let b(a) be the third derivative of a**5/60 + 9*a**2. Calculate b(0).
0
Suppose -7*s = -2*s + 5. Let z(t) = t**2. Let x(w) = 3 + 6*w**2 - 2 + 1. Let n(f) = s*x(f) + 5*z(f). Give n(0).
-2
Suppose a - 3 = -a + w, -2*a - 4*w = -8. Suppose y + 12 = -a*y. Let z(b) = 2*b + 2. What is z(y)?
-6
Let v(q) = q**3 - 2*q**2 - q. Let u be v(2). Let s = 1 - u. Let i(d) = d**2 + 1. Let p(w) = -w**2 - 1. Let z(o) = 3*i(o) + 4*p(o). Calculate z(s).
-10
Let v(q) = -8*q**3 + q. Let r = 10 - 9. Calculate v(r).
-7
Suppose -y - 55 = 4*y. Let q(x) = 14*x + 33. Let c(b) = 5*b + 11. Let r(i) = y*c(i) + 4*q(i). Give r(0).
11
Let f = -1 - -5. Let z(b) = -b**2 - b. Let l(o) = -2*o**2 + o + 3. Suppose -u - 2 = u. Let y(t) = u*z(t) + l(t). Determine y(f).
-5
Let f(v) = -3*v - 3. Let t be f(-2). Let u(a) = a + 1. Let p(n) be the second derivative of -n**3/6 - n**2/2 - n. Let d(q) = t*p(q) + 2*u(q). What is d(-3)?
2
Let a(r) = -r + 5. Let p be a(5). Suppose 5*d + 10 = v, -5*v + p*d + d + 2 = 0. Let f(n) = -n**2 + 9. Calculate f(v).
9
Let s = -5 - -3. Suppose -4*f + 4*z + 31 - 7 = 0, -12 = 2*f + 4*z. Let v(d) = -f*d + 2*d + 5*d. Determine v(s).
-10
Suppose 5*g = 3*j - 3 + 10, 2*j - g = 0. Let i(x) = 6*x**3 - x**2. Let c be i(j). Let t(l) = c*l - 9 + 10 + l**2 - 2*l - 2*l. Determine t(-1).
1
Let b(f) = -f**2 - 5. Let w be b(0). Suppose 0 = 3*i - i + 5*t - 18, 3*i = 4*t + 4. Let u(k) = 0 - 2*k**2 - 1 - i*k + k**2. Calculate u(w).
-6
Let q(f) = f**2 - 7*f - 1. Suppose 0 = -w - 3*w + 144. Suppose -27 = -3*m + 2*i, 0 = -4*m + 4*i + w + 4. Determine q(m).
-1
Let h = 15 - 8. Suppose g + h = 2. Let t(n) = 3*n + 7. Give t(g).
-8
Suppose 0 = s + s + 6. Let w(c) = -c**3 - 2*c**2. Calculate w(s).
9
Suppose 5*v + 34 = -1. Let o(l) = -l + 6. Determine o(v).
13
Suppose -7*w = -2*w - 10. Suppose -5*b + 2*g + 31 - 10 = 0, 14 = 4*b - 3*g. Suppose -l + 2 = 3*z, -6*l - b = -w*z - 3*l. Let d(x) = -x**2 - x. Determine d(z).
-2
Let m(y) = -y**3 - y**2 + y + 1. Let k = -112 - -114. Determine m(k).
-9
Suppose 7 = 4*x - 5. Let s(h) = -x*h + 0 + 0*h + 1. Calculate s(3).
-8
Let f(s) be the first derivative of -s**3 - s**2 - 2. Let z = 5 + -7. Determine f(z).
-8
Let u = 9 - 9. Suppose -l - 2*l - 4*i + 2 = u, -4*l - 4*i = 0. Let f(w) be the third derivative of -w**6/120 - w**5/30 - w**4/8 + w**2. What is f(l)?
6
Suppose -5*o = 2*o - 119. Suppose t + o = 2*v, 0*t = -3*t + 5*v - 46. Let j(b) = b**3 + 8*b**2 + 6*b - 2. Give j(t).
5
Suppose -4*j = -20 - 0. Let x(y) = 0*y**2 - 6*y**2 + 2 + 3*y**2 - 5*y. Let u(b) = 4*b**2 + 5*b - 3. Let w(m) = j*x(m) + 4*u(m). Give w(4).
-6
Let p be (-39 + 45)*(-2)/(-4). Let t(h) = -3*h. Determine t(p).
-9
Let s = 69 - 81. Let m(f) = -f**3 - 13*f**2 - 11*f + 16. What is m(s)?
4
Let t(h) = -3*h**2 + 5*h + 0*h**2 - 4*h - 3 + h**3. Let z = -12 + 15. Calculate t(z).
0
Let s(b) = b**2 + 1. Let g(h) = h**2 + 1. Let p(a) = -a**2 + 3*a + 4. Let f(j) = 4*g(j) + p(j). Let d(c) = f(c) - 5*s(c). What is d(3)?
-6
Let r(c) = c**3 + 6*c**2 - 7*c - 9. Suppose -w + 88 = -5*b + 19, b - w = -17. Let z = 6 + b. Calculate r(z).
-9
Let v(r) = -r**3 - 4*r**2 - 4*r - 2. Let x be (-8)/4*(1 - 0). Determine v(x).
-2
Let s be (-13)/(-5) + 2/5. Let k(v) = 2*v + 4*v + s*v**2 - 6*v**2 + 3 - v**3. Give k(-4).
-5
Let s(q) = -5*q + 3*q**2 - q**3 + 4 + 5*q**2 + 3*q. Let d = 4 - 0. Let b(t) = -t**3 + 9*t**2 - t + 5. Let z(k) = d*s(k) - 3*b(k). Determine z(4).
-3
Let u(r) = -22*r - 22*r + 43*r + 4. Let l(x) = x**2 - 4*x - 8. Let v be l(6). Give u(v).
0
Let m(c) = -6*c**3 + 2*c - 1. Let u(d) = -d**3 - d**2 + 2*d + 1. Let s be u(-2). Let h be m(s). Let g(y) = -y**3 - 6*y**2 - 4*y + 5. Give g(h).
0
Let i = 4 - 2. Let s(q) = -6*q**3 + q. Let n(h) = 2*h**3 - 4*h**3 - 2*h**3 + 3*h**3. Let k(f) = -11*n(f) + 2*s(f). What is k(i)?
-4
Let o(l) = -l**2 - 5*l + 4. Suppose 0 = p + 3*n + 1, 7*p - 2*n = 2*p + 12. Suppose -15 = 3*j - 0. Let m = j + p. Determine o(m).
10
Let y(i) be the third derivative of 7*i**5/60 - i**3/6 - 6*i**2. Suppose -5*g - 1 = -11. Suppose -5*f - 3 = g. Determine y(f).
6
Let q(w) = w + 5. Let l be q(-3). Let t(f) = -2*f**3 + 1 + f**3 - f**2 + f**l - f**2. Calculate t(1).
-1
Let j(p) = p - 2. Let r be -2 - -2*18/4. Let y = r + 9. Suppose -2*o = -7*q + 3*q + y, -3*o - 12 = -3*q. What is j(q)?
2
Let m = 6 - 11. Let z = m - -5. Let p(r) = -r**2 + r + 4. Determine p(z).
4
Let n(j) = j**3 - 2*j**2 - j. Suppose 7*t + 5 = 2*t. Let q be n(t). Let x(b) = -b**2 - b - 1. Give x(q).
-3
Let o(h) = -h**3 - 3*h**2 + 9*h. Let z be o(-5). Let k(m) = -m**2 + 3*m + 6. Calculate k(z).
-4
Let b(w) = -5*w**3 + 7*w**2 + 2*w - 7. Let f(i) = -4*i + i + 6 - 6*i**2 + 2*i**3 + 2*i**3. Let n(x) = -3*b(x) - 4*f(x). Suppose 9 - 1 = 2*j. Calculate n(j).
5
Let p(n) = n**2 - n. Let m(o) = -5*o**2 - o - 6. Let v(x) = m(x) + 4*p(x). Suppose -3*y - 15 = 5*s, -4*s - 3*y - 12 = -0*y. Let d be 17/s - 4/(-6). Give v(d).
-6
Let w be 4/3*(-3)/(-2). Suppose 5*p - 5*u - 15 = 0, w*p = 3*u + 13 - 3. Let o(n) = 2*n**2 - 4 + 1 + 4*n**3 + 2. Give o(p).
-3
Let o(q) = 7*q - 3. Let x(s) = 0*s - 3*s + 1 + 4*s - 5*s. Let d(h) = 3*o(h) + 5*x(h). Let j = -4 + -1. Give d(j).
-9
Let a(u) = u**3 + u**2 - 3*u - 2. Let q(s) = -s**3 + 4*s + 3. Let m(n) = 5*a(n) + 4*q(n). What is m(-4)?
14
Let g(i) = 2*i + 3. Let b(z) = z + 3. Let o(d) = -3*b(d) + 2*g(d). Suppose 2 = s - 2. Let t(q) = q - 1. Let n be t(s). What is o(n)?
0
Let k(z) be the first derivative of 0*z + 1/2*z**2 - 5. Let g = -1 - -1. Determine k(g).
0
Let a(z) = -z**2 + 3*z + 2. Let m = 0 + -8. Let v = m - -12. Let g be (4 - 4) + 1*v. What is a(g)?
-2
Let s(l) be the third derivative of -5*l**4/24 - l**3/3 - 20*l**2. Determine s(-5).
23
Let q(a) = 5 - 10 + a**2 - 8*a + a. Determine q(5).
-15
Suppose -5*l + 3 = -4*f + 19, -4*f = l - 40. Let g(a) = a**2 - 8*a - 10. What is g(f)?
-1
Suppose 0 = a + 2 - 4. Let c be (a*-1)/(-2 + 1). Let f = c + -3. Let y(w) = 5*w**2 - w. Give y(f).
6
Let x(p) = 2*p**3 - 14*p**2 + 7*p - 3. Let k(q) = -q**3 + 7*q**2 - 4*q + 2. Let u(r) = -7*k(r) 